Is 733481 a multiple of 1173?
False
Does 150 divide 6171726?
False
Does 51 divide 4501163?
False
Is 13 a factor of 60403616?
True
Does 54 divide 22130904?
False
Is 2041634836 a multiple of 2438?
True
Does 58 divide 32840363?
False
Does 2822 divide 119808010?
True
Is 5 a factor of 440765610?
True
Does 46 divide 57045382?
True
Is 5 a factor of 1678045?
True
Does 692 divide 57588932?
True
Is 310 a factor of 138457415?
False
Is 97 a factor of 115980877?
False
Is 20053030 a multiple of 34?
True
Does 17 divide 430237?
False
Does 4 divide 357847396?
True
Is 79 a factor of 1065943580?
False
Is 204945912 a multiple of 424?
True
Is 46 a factor of 42622956?
True
Is 156286800 a multiple of 180?
True
Is 941 a factor of 163559915?
True
Is 5 a factor of 94450696?
False
Is 105 a factor of 65710637?
False
Is 204 a factor of 278023848?
True
Does 33 divide 4943283162?
False
Is 625147666 a multiple of 5027?
True
Is 2 a factor of 15923529?
False
Is 15 a factor of 708234660?
True
Is 5675911 a multiple of 3?
False
Is 2943 a factor of 12607812?
True
Is 17 a factor of 3331854567?
False
Does 25 divide 2826838989?
False
Does 4 divide 27774393?
False
Is 810273570 a multiple of 299?
False
Does 3657 divide 1261120107?
True
Is 60752594 a multiple of 629?
True
Is 11149450 a multiple of 1105?
True
Is 1525 a factor of 246580300?
True
Does 232 divide 2875872?
True
Does 19 divide 9335707?
True
Does 346 divide 3613941628?
True
Is 181 a factor of 109666452?
True
Is 3 a factor of 321418?
False
Is 20 a factor of 15656980?
True
Is 37623016 a multiple of 88?
False
Does 56 divide 83554296?
True
Is 99714571 a multiple of 3706?
False
Is 148 a factor of 1956566708?
False
Is 1356136 a multiple of 50?
False
Does 17 divide 13239966?
False
Is 207 a factor of 415716651?
True
Is 500194850 a multiple of 1485?
False
Does 339 divide 440881640?
False
Is 1523668531 a multiple of 60?
False
Does 77 divide 680047291?
True
Is 672 a factor of 6879682?
False
Is 21267180 a multiple of 220?
True
Is 6 a factor of 285990258?
True
Does 1011 divide 181730331?
False
Does 103 divide 14144414?
False
Is 113237216 a multiple of 29?
False
Is 26585807 a multiple of 34?
False
Is 143 a factor of 422416682?
False
Does 32 divide 62545634?
False
Is 1086 a factor of 2575992?
True
Is 6 a factor of 14643984?
True
Is 20036890 a multiple of 34?
False
Does 1061 divide 121833569?
True
Does 1386 divide 9649796?
False
Is 2982776236 a multiple of 91?
False
Does 251 divide 209666073?
True
Is 37927136 a multiple of 31?
True
Does 214 divide 578960308?
True
Is 9 a factor of 50928372?
True
Is 71 a factor of 34709348?
False
Does 11 divide 78211286?
False
Is 97752084 a multiple of 9?
False
Does 174 divide 10473040?
False
Is 1461647343 a multiple of 87?
False
Is 1641 a factor of 19728452?
False
Does 87 divide 57434616?
True
Is 502550880 a multiple of 1040?
True
Does 112 divide 1739884259?
False
Does 126 divide 51270658?
False
Is 17 a factor of 15554123?
False
Is 705965625 a multiple of 542?
False
Is 53 a factor of 191192318?
False
Does 131 divide 1689453830?
False
Does 41 divide 229016543?
False
Is 884 a factor of 2116898498?
False
Does 436 divide 1228431350?
False
Is 59 a factor of 1487438580?
False
Is 2382 a factor of 1244462669?
False
Does 29 divide 1791374432?
False
Does 140 divide 68141601?
False
Is 47457972 a multiple of 123?
False
Does 10728 divide 3240360533?
False
Does 70 divide 187026616?
False
Is 1373570 a multiple of 10?
True
Is 4028 a factor of 176361344?
False
Does 160 divide 641918106?
False
Does 2268 divide 267283800?
True
Does 16 divide 140145110?
False
Is 14 a factor of 3657747306?
False
Does 33 divide 71907084?
False
Does 559 divide 849256383?
False
Is 35526803 a multiple of 114?
False
Is 91 a factor of 4288466?
True
Does 226 divide 28370232?
True
Is 146 a factor of 495488066?
False
Does 9 divide 26378343?
True
Is 769 a factor of 139944158?
True
Does 31 divide 70428569?
False
Is 91742488 a multiple of 5177?
False
Does 3 divide 408199260?
True
Does 1638 divide 1646188362?
True
Is 279 a factor of 160867494?
True
Does 11 divide 272021992?
True
Is 30657662 a multiple of 441?
False
Does 38 divide 445044942?
True
Is 87597216 a multiple of 32?
True
Is 49901256 a multiple of 102?
True
Is 124 a factor of 41751544?
True
Is 117 a factor of 257882976?
True
Is 16 a factor of 126066912?
True
Is 705313155 a multiple of 49?
False
Is 16 a factor of 50846278?
False
Does 21 divide 60911628?
False
Is 267216900 a multiple of 220?
False
Does 38 divide 141134318?
True
Does 60 divide 489262412?
False
Is 54 a factor of 789480054?
True
Is 456074069 a multiple of 4?
False
Is 876 a factor of 14763325?
False
Is 286 a factor of 98280754?
True
Does 22 divide 18615828?
True
Is 415427186 a multiple of 117?
False
Is 237280158 a multiple of 846?
True
Is 5149361 a multiple of 133?
True
Is 2242 a factor of 4766745346?
True
Is 585 a factor of 22589775?
True
Is 54212472 a multiple of 19?
True
Does 88 divide 34426218?
False
Is 113 a factor of 434597887?
True
Does 14 divide 19895820?
True
Is 79842608 a multiple of 1054?
True
Does 3 divide 11582291?
False
Is 26 a factor of 11457093?
False
Does 30 divide 973444620?
True
Is 30566861 a multiple of 2834?
False
Is 176801250 a multiple of 15?
True
Does 1620 divide 92015794?
False
Does 1203 divide 39700337?
False
Is 2449070585 a multiple of 826?
False
Is 318502064 a multiple of 1447?
True
Does 456 divide 1680892608?
True
Is 460 a factor of 447576635?
False
Is 8753 a factor of 2955870594?
True
Is 184325200 a multiple of 16?
True
Is 399723662 a multiple of 778?
False
Is 37796786 a multiple of 8?
False
Is 7938700 a multiple of 35?
True
Is 43 a factor of 366423382?
True
Is 25 a factor of 5832333050?
True
Is 459397035 a multiple of 1825?
False
Is 41 a factor of 3432766?
True
Is 1183397089 a multiple of 49?
True
Does 16 divide 31503945?
False
Does 122 divide 75778179?
False
Is 17 a factor of 448129695?
False
Is 2132650 a multiple of 55?
False
Is 133459513 a multiple of 200?
False
Is 10 a factor of 18987780?
True
Is 11330700 a multiple of 30?
True
Is 37809904 a multiple of 374?
True
Is 3316601 a multiple of 30?
False
Is 123432474 a multiple of 627?
True
Does 210 divide 30584400?
True
Does 13 divide 110194019?
True
Is 648438886 a multiple of 3374?
False
Does 303 divide 23873067?
True
Is 341 a factor of 98291545?
True
Is 30872719 a multiple of 2?
False
Does 40 divide 16520651?
False
Is 238 a factor of 354253956?
True
Is 11 a factor of 471261032?
True
Does 63 divide 738480576?
False
Does 65 divide 84838991?
False
Is 187450656 a multiple of 96?
True
Is 348716900 a multiple of 20?
True
Is 2514877681 a multiple of 1039?
True
Is 42 a factor of 54750701?
False
Does 46 divide 33084473?
False
Does 447 divide 2618025534?
False
Is 1889948121 a multiple of 187?
False
Is 7075177 a multiple of 378?
False
Is 665056490 a multiple of 819?
False
Is 1889971875 a multiple of 6705?
True
Does 113 divide 106686577?
True
Is 1030 a factor of 31551990?
True
Is 195624369 a multiple of 2481?
True
Is 69466459 a multiple of 608?
False
Does 5 divide 2088595?
True
Does 518 divide 157159280?
False
Does 540 divide 959175540?
True
Does 437 divide 60576940?
True
Is 4209 a factor of 3582894414?
True
Is 868273041 a multiple of 353?
True
Is 15 a factor of 2618497033?
False
Is 121401126 a multiple of 539?
True
Does 144 divide 723145450?
False
Does 19 divide 424378964?
False
Is 2 a factor of 7563922?
True
Is 92581650 a multiple of 505?
True
Does 30 divide 409027590?
True
Is 18243278 a multiple of 62?
False
Is 12 a factor of 1828517316?
True
Does 104 divide 1887419480?
False
Is 111 a factor of 31734234?
True
Does 167 divide 539118585?
True
Is 4579657016 a multiple of 282?
False
Is 142 a factor of 318380756?
True
Is 285 a factor of 11592660?
True
Is 779457761 a multiple of 3707?
False
Is 615 a factor of 876095175?
True
Is 102800496 a multiple of 2377?
True
Does 52 divide 52417549?
False
Does 100 divide 167495300?
True
Does 326 divide 2908493?
False
Is 44 a factor of 41093652?
False
Is 19 a factor of 1925266428?
True
Does 43 divide 51851669?
False
Is 229724565 a multiple of 35?
True
Does 83 divide 813148371?
False
Is 332 a factor of 274097199?
False
Does 290 divide 339897574?
False
Is 10 a factor of 5184846919?
False
Does 502 divide 3820364074?
True
Does 13 divide 1